{"version":"1.0","type":"rich","width":"560px","height":"140px","title":"Aktionsb\u00fcndnis Zaunr\u00fcttl\u00e4r - In der ersten Ausgabe traf ich das Aktionsb\u00fcndnis Zaunr\u00fcttl\u00e4r in Arnstadt.","url":"https:\/\/www.lap-ilmkreis.de\/aktionsbuendnis-zaunruettlaer\/","author_name":"Der bunte Ilmkreisel - Ein Podcast mit weltoffenen Geschichten\u2029 aus dem Ilm-Kreis.","author_url":"https:\/\/www.lap-ilmkreis.de","thumbnail_url":"https:\/\/www.lap-ilmkreis.de\/wp-content\/uploads\/2020\/12\/kreisel_podcast.jpg","html":"<iframe width=\"560px\" height=\"140px\" src=\"https:\/\/www.lap-ilmkreis.de\/aktionsbuendnis-zaunruettlaer\/?standalonePlayer\"><\/iframe>"}

Aktionsbündnis Zaunrüttlär - In der ersten Ausgabe traf ich das Aktionsbündnis Zaunrüttlär in Arnstadt.
